nd 284?
71
What is the greatest common factor of 13373 and 331831?
43
Calculate the highest common divisor of 33274828 and 8.
4
What is the highest common factor of 40565 and 8641675?
665
What is the highest common factor of 91184 and 2329918?
278
Calculate the highest common factor of 2091830 and 195.
65
What is the greatest common divisor of 277490004 and 528?
132
Calculate the highest common divisor of 33 and 4350753.
33
Calculate the greatest common factor of 156 and 298151048.
52
What is the greatest common divisor of 68 and 3638357?
17
Calculate the greatest common divisor of 17509664 and 9312.
3104
What is the highest common divisor of 380986949 and 145?
29
Calculate the highest common factor of 372 and 348703004.
124
Calculate the highest common factor of 10854 and 5150826.
1206
What is the greatest common divisor of 88667446 and 14?
14
Calculate the greatest common factor of 162504 and 520452.
2196
Calculate the highest common factor of 3066570 and 5850.
1170
Calculate the highest common divisor of 5204 and 59212.
4
Calculate the highest common divisor of 8918720 and 1410.
470
Calculate the greatest common divisor of 3359325 and 423.
141
Calculate the greatest common divisor of 54245 and 366893195.
2855
Calculate the highest common divisor of 4844701 and 6759.
751
Calculate the highest common factor of 512 and 889216.
128
Calculate the greatest common divisor of 477410 and 430.
10
What is the greatest common factor of 44233 and 939827?
497
What is the greatest common divisor of 800 and 20736550?
50
What is the highest common factor of 548532123 and 129?
129
What is the greatest common divisor of 27875637 and 26897?
2069
Calculate the greatest common divisor of 48 and 95063034.
6
Calculate the greatest common divisor of 1053 and 1304397.
27
Calculate the greatest common factor of 577861 and 36014.
1637
Calculate the highest common factor of 22456626 and 102.
102
What is the greatest common divisor of 2139744 and 9552?
48
Calculate the greatest common factor of 72 and 26108658.
18
Calculate the greatest common factor of 115752 and 1594320.
2184
Calculate the highest common divisor of 8 and 194131864.
8
What is the greatest common factor of 2917776 and 9968?
1424
What is the highest common divisor of 129 and 395643?
129
Calculate the greatest common factor of 457115970 and 30.
30
What is the highest common divisor of 1197 and 884258613?
1197
Calculate the highest common divisor of 1546 and 129830.
2
Calculate the highest common divisor of 217671 and 3975.
159
Calculate the greatest common factor of 475293 and 208.
13
Calculate the highest common divisor of 6030 and 118039260.
2010
Calculate the greatest common factor of 455515 and 2635.
85
Calculate the highest common divisor of 5302288 and 1137041.
1171
Calculate the greatest common factor of 184 and 632100812.
92
Calculate the greatest common factor of 208 and 7186192.
208
What is the highest common divisor of 2784075 and 140?
35
Calculate the greatest common factor of 5394634056 and 2961.
2961
What is the highest common divisor of 606378608 and 11?
11
What is the greatest common divisor of 256 and 106375824?
16
What is the highest common divisor of 140425 and 103639267?
5617
What is the highest common divisor of 41031 and 5815053?
873
Calculate the highest common divisor of 263901 and 27896.
11
What is the highest common factor of 108576 and 1188?
36
Calculate the highest common factor of 4867825 and 2825.
25
What is the greatest common factor of 36847057 and 39?
13
What is the highest common factor of 40416 and 34848?
96
Calculate the highest common divisor of 460080 and 290745.
3195
Calculate the greatest common factor of 1550 and 50217250.
50
What is the highest common factor of 3 and 10458105?
3
Calculate the highest common divisor of 4212 and 918086.
26
Calculate the highest common factor of 195707 and 17487268.
1541
Calculate the highest common divisor of 1 and 45887945.
1
What is the highest common divisor of 32080 and 14660?
20
What is the highest common divisor of 1693014 and 114?
114
What is the greatest common factor of 12724 and 14188?
4
Calculate the greatest common factor of 6402 and 190064710.
2134
Calculate the greatest common divisor of 6351 and 4727.
29
Calculate the greatest common factor of 4503776 and 1461.
487
What is the greatest common factor of 11510327 and 110975?
4439
What is the highest common divisor of 142677 and 259209?
747
Calculate the highest common factor of 2106 and 220615434.
702
What is the highest common divisor of 88 and 867704?
8
What is the greatest common factor of 67380800 and 8000?
1600
What is the highest common factor of 135852275 and 13?
13
What is the greatest common divisor of 925920 and 176?
16
What is the highest common divisor of 658578 and 27686?
218
What is the highest common divisor of 1456 and 380731?
13
Calculate the highest common factor of 220 and 3827820.
20
Calculate the highest common factor of 113918 and 426916.
1106
Calculate the highest common factor of 1397814 and 35838.
66
Calculate the greatest common divisor of 1945377 and 338823.
3807
Calculate the greatest common divisor of 127552160 and 60.
20
What is the highest common divisor of 274080 and 2720?
160
What is the highest common divisor of 605251 and 23035?
17
What is the greatest common factor of 1440 and 36900?
180
What is the highest common divisor of 7268 and 1122124?
92
Calculate the greatest common factor of 68442790 and 65.
65
What is the greatest common divisor of 44992524 and 36?
12
What is the greatest common divisor of 40807194 and 6?
6
Calculate the greatest common divisor of 1473330 and 127970.
670
Calculate the highest common divisor of 2742175 and 92.
23
Calculate the greatest common divisor of 2016406 and 8906.
146
Calculate the greatest common divisor of 7532 and 63779093.
1883
Calculate the greatest common divisor of 12 and 7670802.
6
What is the highest common factor of 7253968 and 1904?
272
Calculate the greatest common divisor of 3645 and 91755.
45
Calculate the greatest common factor of 10763506 and 3926.
26
Calculate the greatest common factor of 2409 and 65146587.
2409
What is the greatest common divisor of 156 and 1000844?
52
Calculate the highest common divisor of 14520 and 811800.
1320
Calculate the highest common factor of 3010686 and 3695.
739
Calculate the greatest common factor of 7808 and 5248928.
1952
What is the greatest common factor of 8692395 and 27?
3
What is the highest common divisor of 179 and 94299?
1
Calculate the highest common divisor of 11701246 and 5026.
718
Calculate the highest common divisor of 730 and 6722570.
730
What is the highest common divisor of 4042449 and 9?
9
Calculate the greatest common divisor of 707 and 25095.
7
What is the highest common factor of 125057975 and 301?
301
Calculate the greatest common divisor of 952 and 95342324.
476
What is the greatest common divisor of 4453764 and 2017664?
5732
Calculate the highest common divisor of 50 and 21578210.
10
Calculate the greatest common factor of 163085 and 9457.
193
What is the highest common factor of 2497735 and 483415?
545
What is the highest common divisor of 1097506495 and 590?
295
Calculate the highest common factor of 44 and 546436748.
44
Calculate the highest common divisor of 11860 and 135460.
20
Calculate the highest common divisor of 1009223332 and 4628.
4628
Calculate the greatest common factor of 47676 and 1724556.
1644
What is the greatest common factor of 2016 and 90220704?
672
Calculate the greatest common divisor of 2699 and 243236579.
2699
Calculate the greatest common factor of 42813 and 7029.
639
Calculate the highest common factor of 92 and 18603458.
46
What is the greatest common divisor of 77 and 43295945?
77
Calculate the greatest common divisor of 2211404 and 115.
23
What is the greatest common divisor of 3391465 and 1955?
115
Calculate the greatest common factor of 218691 and 5038729.
2209
Calculate the highest common factor of 57 and 46350443.
19
What is the highest common factor of 36100 and 5900?
100
What is the greatest common divisor of 412 and 1183781266?
206
Calculate the greatest common divisor of 32024 and 11716.
4
Calculate the greatest common factor of 675 and 128444535.
135
What is the greatest common factor o